{"id":250,"date":"2022-03-03T23:40:03","date_gmt":"2022-03-03T21:40:03","guid":{"rendered":"https:\/\/dev4.develope.fi\/dev\/hpcommerce\/?post_type=product&#038;p=250"},"modified":"2022-04-19T00:24:26","modified_gmt":"2022-04-18T21:24:26","slug":"elainlaakari-vetvuores","status":"publish","type":"product","link":"https:\/\/dev4.develope.fi\/dev\/hpcommerce\/?product=elainlaakari-vetvuores","title":{"rendered":"El\u00e4inl\u00e4\u00e4k\u00e4ri\u00a0Vetvuores"},"content":{"rendered":"","protected":false},"excerpt":{"rendered":"<p>&nbsp;<\/p>\n<p><span style=\"color: #0000ff;\"><a style=\"color: #0000ff;\" href=\"http:\/\/www.vetvuores.fi\/\">http:\/\/www.vetvuores.fi\/<\/a><\/span><\/p>\n<p>Vetvuores on yksityinen pienel\u00e4invastaanotto Tampereen Vuoreksessa.<br \/>\nEl\u00e4inl\u00e4\u00e4k\u00e4rin\u00e4 toimii Reija Junkkari. Meilt\u00e4 saat nopean ja asiantuntevan avun<br \/>\nlemmikillesi.<br \/>\nLeikkaukset ja hammashoidot tehd\u00e4\u00e4n turvallisesti inhalaatioanestesiassa kokeneen<br \/>\nanestesiahoitaja Anne Leinosen valvomana. Meill\u00e4 on valmius suorittaa my\u00f6s<br \/>\nh\u00e4t\u00e4leikkauksia.<br \/>\nVastaanotto sijaitsee Vuoreksen keskustassa p\u00e4\u00e4kadun varressa hyvien liikenneyhteyksien<br \/>\nvarrella. Klinikan oven edess\u00e4 on runsaasti ilmaista pys\u00e4k\u00f6intitilaa. Tampereen<br \/>\njoukkoliikenteen linja-autolla numero 5 p\u00e4\u00e4set my\u00f6s aivan klinikan viereen.<\/p>\n<p>TERVETULOA<\/p>\n<p><strong>YHTEYSTIEDOT<\/strong><\/p>\n<p><span style=\"color: #0000ff;\">PUHELIN<\/span><br \/>\n<span style=\"color: #0000ff;\">045 215 2135<\/span><br \/>\n<span style=\"color: #0000ff;\">S\u00c4HK\u00d6POSTIOSOITE<\/span><br \/>\n<span style=\"color: #0000ff;\">klinikka@vetvuores.fi<\/span><br \/>\n<span style=\"color: #0000ff;\">https:\/\/www.vetvuores.fi\/<\/span><br \/>\n<span style=\"color: #0000ff;\">K\u00c4YNTIOSOITE<\/span><br \/>\n<span style=\"color: #0000ff;\">Vuoreksen Puistokatu 82, Tampere<\/span><\/p>\n","protected":false},"featured_media":0,"comment_status":"open","ping_status":"closed","template":"","meta":[],"product_brand":[],"product_cat":[22],"product_tag":[],"class_list":{"0":"post-250","1":"product","2":"type-product","3":"status-publish","5":"product_cat-edut","7":"first","8":"instock","9":"shipping-taxable","10":"product-type-simple"},"_links":{"self":[{"href":"https:\/\/dev4.develope.fi\/dev\/hpcommerce\/index.php?rest_route=\/wp\/v2\/product\/250","targetHints":{"allow":["GET"]}}],"collection":[{"href":"https:\/\/dev4.develope.fi\/dev\/hpcommerce\/index.php?rest_route=\/wp\/v2\/product"}],"about":[{"href":"https:\/\/dev4.develope.fi\/dev\/hpcommerce\/index.php?rest_route=\/wp\/v2\/types\/product"}],"replies":[{"embeddable":true,"href":"https:\/\/dev4.develope.fi\/dev\/hpcommerce\/index.php?rest_route=%2Fwp%2Fv2%2Fcomments&post=250"}],"wp:attachment":[{"href":"https:\/\/dev4.develope.fi\/dev\/hpcommerce\/index.php?rest_route=%2Fwp%2Fv2%2Fmedia&parent=250"}],"wp:term":[{"taxonomy":"product_brand","embeddable":true,"href":"https:\/\/dev4.develope.fi\/dev\/hpcommerce\/index.php?rest_route=%2Fwp%2Fv2%2Fproduct_brand&post=250"},{"taxonomy":"product_cat","embeddable":true,"href":"https:\/\/dev4.develope.fi\/dev\/hpcommerce\/index.php?rest_route=%2Fwp%2Fv2%2Fproduct_cat&post=250"},{"taxonomy":"product_tag","embeddable":true,"href":"https:\/\/dev4.develope.fi\/dev\/hpcommerce\/index.php?rest_route=%2Fwp%2Fv2%2Fproduct_tag&post=250"}],"curies":[{"name":"wp","href":"https:\/\/api.w.org\/{rel}","templated":true}]}}