{"id":276,"date":"2022-03-04T00:19:20","date_gmt":"2022-03-03T22:19:20","guid":{"rendered":"https:\/\/dev4.develope.fi\/dev\/hpcommerce\/?post_type=product&#038;p=276"},"modified":"2022-04-26T23:35:40","modified_gmt":"2022-04-26T20:35:40","slug":"gluteeniton-leipomo-ilona","status":"publish","type":"product","link":"https:\/\/dev4.develope.fi\/dev\/hpcommerce\/?product=gluteeniton-leipomo-ilona","title":{"rendered":"Gluteeniton Leipomo Ilona"},"content":{"rendered":"","protected":false},"excerpt":{"rendered":"<p><strong>Kuvassa yritt\u00e4j\u00e4 Piia Iso-Jussila ja toimitusjohtaja Mira-Maria Lindqvist<\/strong><\/p>\n<p><span style=\"color: #0000ff;\"><a style=\"color: #0000ff;\" href=\"http:\/\/www.ilonaleipomo.fi\">http:\/\/www.ilonaleipomo.fi<\/a><\/span><\/p>\n<p>Vuonna 2012 perustettu ILONA leipoo ainoastaan luontaisesti gluteenittomia tuotteita.<br \/>\nHaluamme tarjota maukkaita kotileivonnaisia my\u00f6s allergisille ja erikoisruokavaliota<br \/>\nnoudattaville sek\u00e4 kaikille, jotka muuten<br \/>\nhaluavat v\u00e4ltt\u00e4\u00e4 perusviljoja. Emme k\u00e4yt\u00e4 leivonnassamme lainkaan kauraa emmek\u00e4<br \/>\nvehn\u00e4t\u00e4rkkelyst\u00e4.<\/p>\n<p>Leipomostamme ja myym\u00e4l\u00e4mme laajasta valikoimasta saat maukkaat gluteiinittomat<br \/>\nmakeat ja suolaiset herkut. Tarpeen tullen my\u00f6s tilauksesta.<\/p>\n<p>Poikkea herkuttelemaan leipomokahvilaamme<br \/>\nL\u00f6yd\u00e4t meid\u00e4t Tampereen etel\u00e4puolelta, 3-tien varresta,<br \/>\naivan S\u00e4\u00e4ksj\u00e4rven risteyksen (38) kupeesta.<\/p>\n<p>TERVETULOA MYYM\u00c4L\u00c4\u00c4MME<\/p>\n<p><strong>YHTEYSTIEDOT<\/strong><\/p>\n<p><span style=\"color: #0000ff;\">Viikinraitti 4 Lemp\u00e4\u00e4l\u00e4<\/span><br \/>\n<span style=\"color: #0000ff;\">Puhelin Myym\u00e4l\u00e4\/Kuluttajat: 050 477 3500<\/span><br \/>\n<span style=\"color: #0000ff;\">Puhelin Toimisto\/J\u00e4lleenmyyj\u00e4t: 040 543 3909<\/span><br \/>\n<span style=\"color: #0000ff;\">S\u00e4hk\u00f6posti: ilona@ilonaleipomo.fi<\/span><br \/>\n<span style=\"color: #0000ff;\">S\u00e4hk\u00f6posti\/Tilaukset: tilaukset@ilonaleipomo.fi<\/span><\/p>\n","protected":false},"featured_media":0,"comment_status":"open","ping_status":"closed","template":"","meta":[],"product_brand":[],"product_cat":[22],"product_tag":[],"class_list":{"0":"post-276","1":"product","2":"type-product","3":"status-publish","5":"product_cat-edut","7":"first","8":"instock","9":"shipping-taxable","10":"product-type-simple"},"_links":{"self":[{"href":"https:\/\/dev4.develope.fi\/dev\/hpcommerce\/index.php?rest_route=\/wp\/v2\/product\/276","targetHints":{"allow":["GET"]}}],"collection":[{"href":"https:\/\/dev4.develope.fi\/dev\/hpcommerce\/index.php?rest_route=\/wp\/v2\/product"}],"about":[{"href":"https:\/\/dev4.develope.fi\/dev\/hpcommerce\/index.php?rest_route=\/wp\/v2\/types\/product"}],"replies":[{"embeddable":true,"href":"https:\/\/dev4.develope.fi\/dev\/hpcommerce\/index.php?rest_route=%2Fwp%2Fv2%2Fcomments&post=276"}],"wp:attachment":[{"href":"https:\/\/dev4.develope.fi\/dev\/hpcommerce\/index.php?rest_route=%2Fwp%2Fv2%2Fmedia&parent=276"}],"wp:term":[{"taxonomy":"product_brand","embeddable":true,"href":"https:\/\/dev4.develope.fi\/dev\/hpcommerce\/index.php?rest_route=%2Fwp%2Fv2%2Fproduct_brand&post=276"},{"taxonomy":"product_cat","embeddable":true,"href":"https:\/\/dev4.develope.fi\/dev\/hpcommerce\/index.php?rest_route=%2Fwp%2Fv2%2Fproduct_cat&post=276"},{"taxonomy":"product_tag","embeddable":true,"href":"https:\/\/dev4.develope.fi\/dev\/hpcommerce\/index.php?rest_route=%2Fwp%2Fv2%2Fproduct_tag&post=276"}],"curies":[{"name":"wp","href":"https:\/\/api.w.org\/{rel}","templated":true}]}}