{"id":467,"date":"2022-04-11T01:31:15","date_gmt":"2022-04-10T22:31:15","guid":{"rendered":"https:\/\/dev4.develope.fi\/dev\/hpcommerce\/?post_type=product&#038;p=467"},"modified":"2022-04-18T15:58:57","modified_gmt":"2022-04-18T12:58:57","slug":"janne-porkka-koomikko-juontaja-imitaattori-seremoniamestari","status":"publish","type":"product","link":"https:\/\/dev4.develope.fi\/dev\/hpcommerce\/?product=janne-porkka-koomikko-juontaja-imitaattori-seremoniamestari","title":{"rendered":"Janne Porkka- Koomikko, Juontaja, Imitaattori, Seremoniamestari"},"content":{"rendered":"","protected":false},"excerpt":{"rendered":"<p><strong>Kuvassa Janne Porkka<\/strong><\/p>\n<p><span style=\"color: #0000ff;\"><a style=\"color: #0000ff;\" href=\"http:\/\/www.janneporkka.fi\">http:\/\/www.janneporkka.fi<\/a><\/span><\/p>\n<p>Suosittu monipuolinen viihdytt\u00e4j\u00e4 joka satojen tv-esiintymisten ja livekeikkojen kokemuksella<br \/>\nsek\u00e4 ammattitaidolla takaa tilaisuutesi onnistumisen.<\/p>\n<p>Jannen mukana juhliisi saapuu kuokkimaan tunnettuja suomalaisia persoonia,<br \/>\njoiden tarve avautua saa yleis\u00f6n nauramaan.<\/p>\n<p>Aina ajankohtainen stand-up tarkastelee satiirilla aikamme ilmi\u00f6it\u00e4, itseironiaa unohtamatta.<br \/>\nEi ole olemassa pient\u00e4 keikkaa vaan isoja onnistumisia.<\/p>\n<p>Harjannostajaisista ja merkkip\u00e4ivist\u00e4<br \/>\ngaalailtoihin:<\/p>\n<p>Janne ottaa heti tilanteen haltuunsa ja luo v\u00e4litt\u00f6m\u00e4n tunnelman.<br \/>\nJanne on alusta alkaen mukana suunnittelemassa juhlasi,<br \/>\njotta sin\u00e4 voit tilaisuuden tullen keskitty\u00e4 olennaiseen:<br \/>\nseurustelemaan ja pit\u00e4m\u00e4\u00e4n hauskaa.<\/p>\n<p><strong>YHTEYSTIEDOT<\/strong><\/p>\n<p><span style=\"color: #0000ff;\">janne.porkka@elisanet.fi<\/span><\/p>\n<p><strong>Kaupallinen yhteisty\u00f6, media ja kuvat<\/strong><br \/>\n<strong>iTello Oy, Teija Leino<\/strong><\/p>\n<p><span style=\"color: #0000ff;\">Puh. +358 50 5688710, teija.leino@itello.fi<\/span><\/p>\n<p><strong>Keikkamyynti<\/strong><\/p>\n<p><strong>Gramofoni Oy, Toni Nuotio<\/strong><\/p>\n<p><strong>Puh.<\/strong> <span style=\"color: #0000ff;\">+358 40 544 9051, toni.nuotio@gramofoni.fi<\/span><\/p>\n<p><span style=\"color: #0000ff;\"><a style=\"color: #0000ff;\" href=\"http:\/\/www.janneporkka.fi\">http:\/\/www.janneporkka.fi<\/a><\/span><\/p>\n","protected":false},"featured_media":0,"comment_status":"open","ping_status":"closed","template":"","meta":[],"product_brand":[],"product_cat":[22],"product_tag":[],"class_list":{"0":"post-467","1":"product","2":"type-product","3":"status-publish","5":"product_cat-edut","7":"first","8":"instock","9":"shipping-taxable","10":"product-type-simple"},"_links":{"self":[{"href":"https:\/\/dev4.develope.fi\/dev\/hpcommerce\/index.php?rest_route=\/wp\/v2\/product\/467","targetHints":{"allow":["GET"]}}],"collection":[{"href":"https:\/\/dev4.develope.fi\/dev\/hpcommerce\/index.php?rest_route=\/wp\/v2\/product"}],"about":[{"href":"https:\/\/dev4.develope.fi\/dev\/hpcommerce\/index.php?rest_route=\/wp\/v2\/types\/product"}],"replies":[{"embeddable":true,"href":"https:\/\/dev4.develope.fi\/dev\/hpcommerce\/index.php?rest_route=%2Fwp%2Fv2%2Fcomments&post=467"}],"wp:attachment":[{"href":"https:\/\/dev4.develope.fi\/dev\/hpcommerce\/index.php?rest_route=%2Fwp%2Fv2%2Fmedia&parent=467"}],"wp:term":[{"taxonomy":"product_brand","embeddable":true,"href":"https:\/\/dev4.develope.fi\/dev\/hpcommerce\/index.php?rest_route=%2Fwp%2Fv2%2Fproduct_brand&post=467"},{"taxonomy":"product_cat","embeddable":true,"href":"https:\/\/dev4.develope.fi\/dev\/hpcommerce\/index.php?rest_route=%2Fwp%2Fv2%2Fproduct_cat&post=467"},{"taxonomy":"product_tag","embeddable":true,"href":"https:\/\/dev4.develope.fi\/dev\/hpcommerce\/index.php?rest_route=%2Fwp%2Fv2%2Fproduct_tag&post=467"}],"curies":[{"name":"wp","href":"https:\/\/api.w.org\/{rel}","templated":true}]}}