{"id":471,"date":"2022-04-11T01:54:23","date_gmt":"2022-04-10T22:54:23","guid":{"rendered":"https:\/\/dev4.develope.fi\/dev\/hpcommerce\/?post_type=product&#038;p=471"},"modified":"2022-04-26T23:30:25","modified_gmt":"2022-04-26T20:30:25","slug":"hairitage","status":"publish","type":"product","link":"https:\/\/dev4.develope.fi\/dev\/hpcommerce\/?product=hairitage","title":{"rendered":"Hairitage"},"content":{"rendered":"","protected":false},"excerpt":{"rendered":"<p><strong>Kuvassa yritt\u00e4j\u00e4 Mahmud Bakhtiari<\/strong><\/p>\n<p><span style=\"color: #0000ff;\"><a style=\"color: #0000ff;\" href=\"http:\/\/www.hairitage.fi\">http:\/\/www.hairitage.fi<\/a><\/span><\/p>\n<p>Olemme perinteinen parturialan yritys aivan Jyv\u00e4skyl\u00e4n keskustassa. Tarjoamme<br \/>\nasiakkaillemme parhaat monipuoliset palvelut. Meilt\u00e4 hiusten leikkaukset, v\u00e4rj\u00e4ykset,<br \/>\npermanentit, parran leikkaukset, kasvohoidot ja p\u00e4\u00e4hieronnat. Meilt\u00e4 voit ostaa my\u00f6s<br \/>\nlahjakortin yst\u00e4v\u00e4llesi.<\/p>\n<p><strong>Tervetuloa. rentoutumaan hyv\u00e4n palvelun pariin.<\/strong><\/p>\n<p><span style=\"color: #0000ff;\">soita 040 6726363<\/span><\/p>\n<p><span style=\"color: #0000ff;\">V\u00e4in\u00f6nkatu 32 Jyv\u00e4skyl\u00e4<\/span><\/p>\n","protected":false},"featured_media":0,"comment_status":"open","ping_status":"closed","template":"","meta":[],"product_brand":[],"product_cat":[22],"product_tag":[],"class_list":{"0":"post-471","1":"product","2":"type-product","3":"status-publish","5":"product_cat-edut","7":"first","8":"instock","9":"shipping-taxable","10":"product-type-simple"},"_links":{"self":[{"href":"https:\/\/dev4.develope.fi\/dev\/hpcommerce\/index.php?rest_route=\/wp\/v2\/product\/471","targetHints":{"allow":["GET"]}}],"collection":[{"href":"https:\/\/dev4.develope.fi\/dev\/hpcommerce\/index.php?rest_route=\/wp\/v2\/product"}],"about":[{"href":"https:\/\/dev4.develope.fi\/dev\/hpcommerce\/index.php?rest_route=\/wp\/v2\/types\/product"}],"replies":[{"embeddable":true,"href":"https:\/\/dev4.develope.fi\/dev\/hpcommerce\/index.php?rest_route=%2Fwp%2Fv2%2Fcomments&post=471"}],"wp:attachment":[{"href":"https:\/\/dev4.develope.fi\/dev\/hpcommerce\/index.php?rest_route=%2Fwp%2Fv2%2Fmedia&parent=471"}],"wp:term":[{"taxonomy":"product_brand","embeddable":true,"href":"https:\/\/dev4.develope.fi\/dev\/hpcommerce\/index.php?rest_route=%2Fwp%2Fv2%2Fproduct_brand&post=471"},{"taxonomy":"product_cat","embeddable":true,"href":"https:\/\/dev4.develope.fi\/dev\/hpcommerce\/index.php?rest_route=%2Fwp%2Fv2%2Fproduct_cat&post=471"},{"taxonomy":"product_tag","embeddable":true,"href":"https:\/\/dev4.develope.fi\/dev\/hpcommerce\/index.php?rest_route=%2Fwp%2Fv2%2Fproduct_tag&post=471"}],"curies":[{"name":"wp","href":"https:\/\/api.w.org\/{rel}","templated":true}]}}